ainder when 40814458 is divided by 394?
392
What is the remainder when 53746729 is divided by 2217?
2215
Calculate the remainder when 6917458 is divided by 1542.
46
What is the remainder when 23575 is divided by 760?
15
Calculate the remainder when 9151908 is divided by 308.
304
What is the remainder when 282077 is divided by 956?
57
What is the remainder when 169163 is divided by 16035?
8813
Calculate the remainder when 12447 is divided by 5921.
605
Calculate the remainder when 1542996 is divided by 807.
12
Calculate the remainder when 506396 is divided by 8341.
5936
What is the remainder when 1620580 is divided by 81017?
240
Calculate the remainder when 25830 is divided by 12293.
1244
What is the remainder when 1057483 is divided by 1057474?
9
Calculate the remainder when 45013241 is divided by 294204.
29
What is the remainder when 97533755 is divided by 6502250?
5
Calculate the remainder when 7773183 is divided by 3886590.
3
What is the remainder when 140752 is divided by 1355?
1187
Calculate the remainder when 3968437 is divided by 2413.
1465
What is the remainder when 855248 is divided by 7557?
1307
Calculate the remainder when 293819 is divided by 293817.
2
What is the remainder when 1234077 is divided by 53641?
334
Calculate the remainder when 5288 is divided by 175.
38
Calculate the remainder when 1485425 is divided by 371351.
21
What is the remainder when 488893 is divided by 4820?
2073
Calculate the remainder when 13024232 is divided by 164.
8
What is the remainder when 5894591 is divided by 64?
63
Calculate the remainder when 535816 is divided by 15308.
36
What is the remainder when 214171 is divided by 214124?
47
What is the remainder when 9635663 is divided by 18?
11
What is the remainder when 164948 is divided by 1061?
493
Calculate the remainder when 3878770 is divided by 731.
84
Calculate the remainder when 11113 is divided by 5461.
191
What is the remainder when 794978239 is divided by 76?
75
Calculate the remainder when 2589237 is divided by 76.
69
Calculate the remainder when 95228 is divided by 93961.
1267
What is the remainder when 2633341 is divided by 333?
310
Calculate the remainder when 781982 is divided by 66.
14
What is the remainder when 48062330 is divided by 2774?
6
What is the remainder when 18586029 is divided by 265?
254
What is the remainder when 81650736 is divided by 1256165?
11
What is the remainder when 48079 is divided by 47857?
222
Calculate the remainder when 1023165 is divided by 664.
605
Calculate the remainder when 531775 is divided by 2438.
291
Calculate the remainder when 273420 is divided by 132.
48
What is the remainder when 7976185 is divided by 18?
7
Calculate the remainder when 103235 is divided by 11460.
95
Calculate the remainder when 6687294 is divided by 1298.
1296
What is the remainder when 193495 is divided by 890?
365
Calculate the remainder when 246248 is divided by 2881.
1363
What is the remainder when 1130500 is divided by 565238?
24
What is the remainder when 1634124 is divided by 57?
48
Calculate the remainder when 1187850 is divided by 127.
19
Calculate the remainder when 57700176 is divided by 4315.
4311
What is the remainder when 68868059 is divided by 9?
5
What is the remainder when 94802853 is divided by 6206?
6203
What is the remainder when 7040058 is divided by 4684?
6
Calculate the remainder when 498808 is divided by 15051.
2125
Calculate the remainder when 380408 is divided by 9277.
51
What is the remainder when 54521 is divided by 7679?
768
Calculate the remainder when 102885 is divided by 1344.
741
What is the remainder when 10455 is divided by 2842?
1929
What is the remainder when 4915290 is divided by 1638427?
9
What is the remainder when 136260076 is divided by 390430?
6
Calculate the remainder when 30134802 is divided by 80.
2
What is the remainder when 77826 is divided by 12637?
2004
What is the remainder when 1200928 is divided by 25551?
31
What is the remainder when 84446083 is divided by 3084?
3079
What is the remainder when 206118 is divided by 1444?
1070
What is the remainder when 128048 is divided by 128033?
15
What is the remainder when 524696 is divided by 22?
18
Calculate the remainder when 49856 is divided by 8288.
128
What is the remainder when 103027921 is divided by 4138?
4135
What is the remainder when 49680 is divided by 16533?
81
What is the remainder when 358326 is divided by 23883?
81
Calculate the remainder when 9025720 is divided by 4696.
8
Calculate the remainder when 42856057 is divided by 42856056.
1
Calculate the remainder when 3433153 is divided by 3433085.
68
What is the remainder when 10522 is divided by 406?
372
What is the remainder when 37475658 is divided by 3747563?
28
Calculate the remainder when 436920763 is divided by 106.
105
What is the remainder when 134775039 is divided by 16?
15
What is the remainder when 2747181 is divided by 516?
513
Calculate the remainder when 121315471 is divided by 662.
661
Calculate the remainder when 4875782 is divided by 8006.
128
What is the remainder when 2251022 is divided by 24?
14
What is the remainder when 25068 is divided by 1640?
468
What is the remainder when 6881403 is divided by 2293661?
420
Calculate the remainder when 63098 is divided by 12343.
1383
Calculate the remainder when 4573373 is divided by 103940.
13
Calculate the remainder when 19925541 is divided by 12.
9
Calculate the remainder when 1232895 is divided by 2263.
1823
What is the remainder when 300744 is divided by 854?
136
Calculate the remainder when 7394823 is divided by 236.
235
Calculate the remainder when 436691 is divided by 72726.
335
What is the remainder when 75749552 is divided by 958855?
7
What is the remainder when 68853668 is divided by 34426832?
4
What is the remainder when 6957435 is divided by 3478597?
241
Calculate the remainder when 23790327 is divided by 310.
307
Calculate the remainder when 4758066 is divided by 3003.
1314
What is the remainder when 45251 is divided by 11284?
115
Calculate the remainder when 5000119 is divided by 1811.
1759
What is the remainder when 382688 is divided by 149?
56
Calculate the remainder when 19430612 is divided by 55996.
0
Calculate the remainder when 2623314 is divided by 4067.
99
What is the remainder when 42320881 is divided by 720?
1
Calculate the remainder when 940553 is divided by 1313.
445
Calculate the remainder when 17892297 is divided by 1659.
1641
What is the remainder when 8066293 is divided by 37?
34
Calculate the remainder when 20568468 is divided by 1133.
1119
Calculate the remainder when 32768881 is divided by 409611.
1
Calculate the remainder when 12551934 is divided by 1119.
111
What is the remainder when 171128 is divided by 2864?
2152
Calculate the remainder when 2311007 is divided by 383.
368
Calculate the remainder when 61823213 is divided by 114.
101
Calculate the remainder when 2004002 is divided by 1001980.
42
Calculate the remainder when 35121984 is divided by 2066.
2050
What is the remainder when 7036962 is divided by 345?
342
Calculate the remainder when 673285 is divided by 32061.
4
What is the remainder when 11442207 is divided by 1634601?
0
Calculate the remainder when 12104373 is divided by 105254.
163
What is the remainder when 56491 is divided by 10835?
2316
What is the remainder when 964995 is divided by 192999?
0
What is the remainder when 272245 is divided by 726?
721
What is the remainder when 114402 is divided by 18990?
462
What is the remainder when 8890 is divided by 8874?
16
Calculate the remainder when 11540160 is divided by 56848.
16
What is the remainder when 631833 is divided by 58?
39
What is the remainder when 251666 is divided by 27?
26
Calculate the remainder when 74772 is divided by 14918.
182
What is the remainder when 1213408 is divided by 8482?
482
Calculate the remainder when 504398 is divided by 75.
23
What is the remainder when 3546844 is divided by 28?
0
Calculate the remainder when 33488714 is divided by 65.
64
What is the remainder when 3776248 is divided by 318?
316
What is the remainder when 77744 is divided by 627?
623
Calculate the remainder when 355495 is divided by 237.
232
Calculate the remainder when 48410770 is divided by 4034229.
22
Calculate the remainder when 451560 is divided by 20524.
32
Calculate 